e factors of (-4)/12 + 1 - (-274)/3?
2, 23
Let y(z) = 10*z**3 + 3*z**2 - z. List the prime factors of y(2).
2, 3, 5
Let k(t) = -t**3 + 4*t**2 - 2*t - 3. Let x be k(3). Let g = 2 + x. Suppose g*u - 55 = -3*u. List the prime factors of u.
11
Let j be 4/2 - (1 + -1). Let i be 13 + -2*j + 2. Suppose -3*u + 2*l + 17 = l, 0 = 4*u + l - i. List the prime factors of u.
2
Let w(v) = 7*v**2. Suppose y - 2*g = -g + 1, -5*g = 5*y + 25. List the prime factors of w(y).
2, 7
Suppose 135 = 3*j - 0*j. Suppose 2*d = 5*d - j. List the prime factors of d.
3, 5
Let b = 15 - 12. Let z = 5 - b. What are the prime factors of z?
2
Let b be (-2 - 10)*((-18)/8)/(-3). Let k = 6 - 9. List the prime factors of (k/b)/((-1)/(-9)).
3
Suppose 6*b = 2*b + n - 25, 3*b = -3*n - 15. Let y = b + 9. What are the prime factors of (60/(-9))/((-2)/y)?
2, 5
List the prime factors of 5 + 52/(-8) + 238/4.
2, 29
Suppose 0 = 2*p + 2, 5*f - 5*p - 28 = 2. Let a = 9 - f. What are the prime factors of a?
2
What are the prime factors of (-4)/(-10) - (1116/(-10) + -7)?
7, 17
Suppose 56 = -u + 176. What are the prime factors of u?
2, 3, 5
Let j be (11 + 4)/3 + 3. Suppose -j = -h + 5. What are the prime factors of h?
13
Suppose 4*q = 7*q - 84. Suppose -i + q = -9. List the prime factors of i.
37
Let i(j) = -3*j**3 + j**2 + j + 1. Suppose -5*s - 4*o = -2*s - 28, -24 = -4*s - 2*o. Suppose -9 = s*m + v, -5*v - 1 - 25 = m. List the prime factors of i(m).
2
Suppose 2*v = 3*b + 17, 2*b - 3*v = -2*b - 21. Let u be (-164)/b + (-4)/18. Suppose -2*s = -u - 10. What are the prime factors of s?
2, 7
Suppose 0*f = 2*f + 6. Let u be 15/(-9)*f - 0. Suppose 3*h - 7*h - 3*q = -31, 0 = h + u*q - 12. List the prime factors of h.
7
List the prime factors of (272/(-20))/((-96)/45 + 2).
2, 3, 17
Let k = -6 - -4. Let p = k + 6. Suppose 0 = -5*w, -5*g + p*w = -0*w - 25. What are the prime factors of g?
5
Suppose -c + 5 - 3 = 0. Suppose 4*k - 23 = c*y + 3*y, 5*k + 3*y = 1. Suppose 4*x - 7 = 2*z + 19, k*x = -z + 7. List the prime factors of x.
5
Let b(v) = -v + 8. Suppose -2 = -4*f - 26. List the prime factors of b(f).
2, 7
Let g = -54 - -102. List the prime factors of g.
2, 3
Let h be (9/(-2))/(-3)*2. Suppose -3*j + 70 = 5*z, 59 = z + h*z + 3*j. What are the prime factors of z?
11
Let k(o) = o**2 - 9*o + 4. Let r be k(6). Let g = -4 - r. What are the prime factors of (-2)/g - 486/(-30)?
2
Let v = -119 + 341. What are the prime factors of v?
2, 3, 37
Let q = 6 - 11. Let l(j) = -j**3 - 5*j**2 + 2*j + 6. Let u be l(q). Let z = u - -10. List the prime factors of z.
2, 3
List the prime factors of 65 + 1*(-4 - -3).
2
Suppose 5*p - 8 = 2. Let h(i) = 11*i - 2. What are the prime factors of h(p)?
2, 5
Suppose 2*g = 3*g + 2. Let j = g - -4. Let u(q) = 2*q**3 - 3*q**2 + 3*q - 1. What are the prime factors of u(j)?
3
Let j(q) = -q - 2. Let i be j(-7). Suppose -26 = -4*p + i*s, 2*p + 3*s - 24 = -0*p. List the prime factors of p.
3
Suppose 0 = q + 2*q - 123. List the prime factors of q.
41
Let j(r) = r**2 - 1. Let m be j(2). Suppose 0 = -4*a, -5*t + 2 = -m*a - 8. What are the prime factors of t?
2
Suppose -13 = -5*i - 3*v, 2*v - 13 = -3*i - 5. Suppose i = d - 5. What are the prime factors of d?
7
Let p = -95 - -241. List the prime factors of p.
2, 73
Let o(u) = -u - 7. Let v be o(-4). What are the prime factors of ((-90)/(-27))/((-1)/v)?
2, 5
Let v(k) = -k**3 - 4*k**2 + 3*k. Suppose w - 21 = -0*f + 4*f, 3*w + 7 = -2*f. What are the prime factors of v(f)?
2, 5
Suppose 0 = -4*i + t + 20, -4*i + i - t + 8 = 0. Suppose -m + 55 = i*m. List the prime factors of m.
11
Let h(s) = -s + 4. Let f be h(-3). Let r(u) = u**3 - 7*u**2 + 5*u + 8. Let p be r(f). Let y = p + -31. List the prime factors of y.
2, 3
Let l = 5 - 2. Suppose 2*r - 20 = -l*t, 0 = t - r + 4*r - 2. List the prime factors of t.
2
Suppose 4 - 74 = -2*j. What are the prime factors of j?
5, 7
Suppose s - 43 = -d, -6*s - 5*d + 169 = -2*s. List the prime factors of s.
2, 23
Let z(l) = -10*l + 8. What are the prime factors of z(-3)?
2, 19
Suppose 0 = 5*g + 5*p - 130, -g - 14 = -2*g + 3*p. Suppose 4*d - g = 9. List the prime factors of d.
2
Suppose 0*q - 3*q = -4*r + 33, 4*q = -r + 32. Let h = r + -9. Suppose 2*j - 3 = h. What are the prime factors of j?
3
Suppose 0*q = 5*q + 5. Let z = 2 - -3. Let x = z - q. List the prime factors of x.
2, 3
Let p be (4 + -3)/1 + -1. List the prime factors of (-1 - (p - 3))*2.
2
Suppose -2*v - 3*v + 50 = 0. List the prime factors of v.
2, 5
Suppose -n = 4*y - 50, -2 = 3*y + 1. List the prime factors of n.
2, 3
Let t be (1/(-2))/((-13)/1040). Suppose m = 5*o - t, -o - 5*m + 45 = 11. What are the prime factors of o?
3
Let u(p) = p**2 - 4*p - 23. List the prime factors of u(14).
3, 13
Let q(f) = -f. Let n be q(-4). Suppose 2*k = 5*j - 12, n*j + 1 = 2*k + 11. Suppose j*t + t = 12. What are the prime factors of t?
2
Suppose -2*t = -3*d + 5, 3*t + 1 - 11 = d. Let i(p) = 2*p**2 - 5*p + 1. List the prime factors of i(d).
2, 13
Suppose -4*o + 31 = -65. What are the prime factors of o?
2, 3
Let d = 6 - -53. List the prime factors of d.
59
What are the prime factors of (99 - 1)*1*(-6)/(-6)?
2, 7
Let l = 18 - 1. What are the prime factors of l?
17
Suppose 3*f - 58 = 20. List the prime factors of f.
2, 13
Suppose 55 = -5*u + 2*u + h, 5*h + 105 = -5*u. Let l(b) = -3*b - 18. What are the prime factors of l(u)?
3, 13
Let b = -4 - -1. Let z(n) be the second derivative of -n**5/20 - n**4/3 - n**3/2 + 2*n**2 + n. List the prime factors of z(b).
2
Let j = -5 + 35. Suppose 2*c - j = b - 6*b, -5*c - 2*b + 33 = 0. What are the prime factors of c?
5
Let t = 162 + -84. What are the prime factors of t?
2, 3, 13
Let t(m) = -m**2 + 9*m - 5. Let q be t(5). Let a(i) = -i**3 + 3*i**2 + 3*i - 3. Let l be a(3). Suppose z - l*z = -q. What are the prime factors of z?
3
Let z(j) = j - j**2 - 5*j**2 + 9*j**2 + 1. What are the prime factors of z(3)?
31
Let q(r) = r**3 - 3*r**2 + 3*r - 3. Let u be q(2). What are the prime factors of (-5 - -6) + 10 + u?
2, 5
Let w(r) = -r**3 - 9*r**2. Let g be w(-9). Let j be ((-9)/6)/((-9)/132). Suppose 4*t - 70 + j = g. What are the prime factors of t?
2, 3
Suppose 0 = -p + 5*p + 5*w - 3, -10 = 2*w. Suppose -3*x + p = -26. What are the prime factors of x?
11
Let j = 8 + -9. Let i(l) = -11*l + 1. What are the prime factors of i(j)?
2, 3
Let g be 2/6 - 2/(-3). Let a be (g + 0)*-1 + 1. Let t = a + 14. List the prime factors of t.
2, 7
Suppose 0 = 3*b + r - 51, r = -4*b - 3*r + 68. Let k = b - 10. List the prime factors of k.
7
Suppose -5*f + 2*r = -18, -4*f + 2*r + 6 = -8. Suppose 0 = y + f*y - 55. List the prime factors of y.
11
Suppose 0 = 2*b - 278 - 162. Suppose -3 = -2*z + 9. What are the prime factors of b/18 - z/27?
2, 3
Let g(c) = 5*c**2 - 2*c + 21. What are the prime factors of g(4)?
3, 31
Let i(y) = y**3 - y - 1. Let w be i(2). Suppose -w - 7 = -4*o. Suppose -o*p + 2*k - 9 = -8*p, 4*p = 3*k + 21. What are the prime factors of p?
3
Suppose 0 = -6*b + 24 + 138. What are the prime factors of b?
3
Let z = 5 + -2. Let n = z + 10. What are the prime factors of n?
13
Let l = -150 - -230. Suppose 0 = w + 3*w + l. What are the prime factors of (-225)/w - 1/4?
11
Let f(j) be the third derivative of -j**4/8 - j**3/2 - 2*j**2. What are the prime factors of f(-3)?
2, 3
Let d be (-4)/(-6)*18/4. Suppose -d*y + y + 4 = 0. Suppose -y*i + 5 = 1. List the prime factors of i.
2
Let b = 48 + -67. Let p = -3 - b. List the prime factors of p.
2
Suppose -3*b - 110 = -4*s, -5*b = -5*s - 0*b + 140. List the prime factors of s.
2, 13
Let m(v) = v**3 + 7*v**2 - 3*v + 4. List the prime factors of m(-6).
2, 29
Suppose v + 67 = -0*v. Let s = -35 - v. What are the prime factors of s?
2
Let m(t) = -t**2 - 5*t + 3. Suppose 4*a - a = 6. Let n be (-11)/a - 3/(-6). List the prime factors of m(n).
3
Suppose -5*c + 4 - 9 = 0. What are the prime factors of c - -4 - 1 - -11?
13
Let j(v) = v**2 - v + 2. Let y be j(0). What are the prime factors of 3/(-2) - (-11)/y?
2
Suppose 0 = 9*w - 4*w - 410. What are the prime factors of w?
2, 41
Let c = -9 - -13. List the prime factors of c.
2
Suppose 5*h + 38 = -12. Let i = h - -14. List the prime factors of i.
2
Let r = 17 + -5. Suppose r = 4*v - 96. What are the prime factors of v?
3
Suppose -4*r = 4*i + 184, 0 = -i + 2*r + 2*r - 41. Suppose -12